Suppose 5*q - 2*f + 34 = 0, 0 = b*q - 5*f + 5 + 12. Determine d(q).
-3
Suppose -3*w + 11 = 2*h, -w + 8 = 3*w + 4*h. Suppose -3*z = -3*j + w*j + 5, 0 = -3*j - 15. Let q(l) = -l**3 + 5*l**2 - l + 3. Determine q(z).
-2
Let t(r) = -12*r + 0*r - r**3 + 16*r - 4*r**2 - 15 + 0*r + 14*r**2. Give t(10).
25
Let f(n) = 3*n + 17. Let y be f(-9). Let c(t) = -8*t - 8 + 13*t**2 - 5*t**2 - 7*t**2 - 3*t**2 + t**2. Give c(y).
-28
Let u(r) = 22*r + 237. Suppose -5*a - 57 = h, 21*a + 65 = 16*a - 5*h. Calculate u(a).
-5
Let t = 245 + -245. Let x(c) be the third derivative of c**6/720 + 11*c**5/120 - c**4/4 + 8*c**2. Let w(k) be the second derivative of x(k). Calculate w(t).
11
Let b(l) = l**3 + l**2 - 1. Let i(f) = 7*f**3 + 26*f**2 - 25*f - 76. Let q(d) = -6*b(d) + i(d). What is q(-21)?
14
Suppose -31 = 5*w - 86. Let x(m) = m**3 - 9*m**2 - 21*m + 7. Let c be x(w). Let j(k) = k**2 - 19*k + 13. Let u be j(c). Let z(g) = -2*g - 7. Determine z(u).
3
Let i(q) = -11*q - 72. Let z be i(-4). Let g be (-3)/5 + (-3 - z/5). Let j(o) = 7*o**2 - o + 2. Calculate j(g).
28
Suppose -h + 4*p + 13 = 0, -4*p = h - 2*p + 11. Let b(c) = -c**3 - 2*c**2 + 7*c + 7. Calculate b(h).
-5
Let m(t) = 2*t**2 - 4. Suppose -4801 = -9*u - 4774. What is m(u)?
14
Let h(u) be the first derivative of u**3/3 - 9*u**2/2 - 10*u - 3477. Calculate h(8).
-18
Suppose 165*k = 4*a + 164*k + 8, 4*a + 3*k + 24 = 0. Let s(j) = -8*j + 6. Give s(a).
30
Suppose -273 = -158*u + 675. Let f(b) = b**3 - 8*b**2 + 6*b + 13. Calculate f(u).
-23
Suppose -3 = 3*f - 12. Let a(l) = -l**3 + 7*l**2 - 4*l - 1. Let z(j) = -61793 + j + 61793 - j**2. Let n(v) = -a(v) - 4*z(v). Determine n(f).
1
Let j(z) = 13. Let h(p) = 28*p + 108. Let q be h(-4). Let r(t) = -t - 37. Let y(x) = q*r(x) - 11*j(x). Determine y(-2).
-3
Let t(v) be the first derivative of 7*v**6/40 + v**5/60 - v**4/24 + 153*v**2/2 + 12. Let r(c) be the second derivative of t(c). Calculate r(1).
21
Let h(b) = -11*b**2 - 7*b + 18. Let u(p) = 91*p**2 + 58*p - 149. Let a(r) = 33*h(r) + 4*u(r). Calculate a(0).
-2
Suppose -15*m + 379 - 334 = 0. Suppose n - 17 - 16 = -m*l, -l = -n - 7. Let k(x) = x**2 - 10*x. Calculate k(l).
0
Let a = 58 - 53. Suppose 2*i - 7 = -x, 2 = 5*i - x - a. Let g(m) = -14*m - m**3 + 25*m - 9*m**i - 19*m + 9. Calculate g(-8).
9
Let c(j) = j**2 - 1. Let h = -564 + 536. Let a be (42/h)/(2/(-4)) - -1. Calculate c(a).
15
Suppose 0 = 4*y - 2*d - 730, 5*y - 920 = -0*y + d. Let q(a) = 86*a + 10 + 95*a - y*a. Calculate q(4).
-6
Let o(l) = -112 + 131*l - 188*l + 113*l - 101. What is o(4)?
11
Suppose 36*v - 32*v - 20 = 0. Suppose m - 11 = -5*i + v*m, 3*i - m = 1. Let g(x) = -10*x**2 + 4*x - 4*x + x - 4*x**2. Give g(i).
-15
Let y(k) = k + 1. Let x be (14/(-5))/(15/(-75)). Suppose z - x + 24 = 0. Let a = -15 - z. What is y(a)?
-4
Let t(n) be the second derivative of -n**3/6 - 4*n**2 + 1859*n. Give t(-16).
8
Let x(t) be the third derivative of t**6/120 - 7*t**5/60 + 2*t**3/3 - 2414*t**2. What is x(5)?
-46
Let r = 127 + -128. Let q(l) = 33*l**2 + 13*l - 6. Let k(x) = 34*x**2 + 11*x - 5. Let o(i) = -6*k(i) + 5*q(i). Determine o(r).
-38
Let z(a) = a**3 + 7*a**2 + 6*a - 1. Let k(w) = -w**3 + 4*w**2 - w - 4. Let l be k(2). Suppose -l*v + 7*v - 210 = 0. Suppose -v = 8*h + 6. Give z(h).
-1
Let n(f) = 10*f - 37. Let q be n(3). Let v(i) = -5*i**2 - i + 1. Let w(x) = -4*x**2 - 2*x. Let s(m) = 3*v(m) - 4*w(m). What is s(q)?
17
Suppose -5*a - x - 9 = 0, 36*a = 40*a - 3*x + 11. Let z(u) = -u**3 - 2*u**2 - 4*u - 6. Determine z(a).
2
Let w(b) = -11*b - 17. Let g(l) = 3*l + 4. Let f(s) = 7*g(s) + 2*w(s). Let p be ((-2)/5)/((-5)/(-100)). Give f(p).
2
Let k be -2 - (-594 + (1 - 4)). Let o = -606 + k. Let u(v) = v**2 + 11*v + 7. Give u(o).
7
Let j(h) be the first derivative of 2*h**2 + 5*h - 2. Let t be (-54)/(-54)*(-1)/(2/(-48)). Suppose 0 = 3*f + 3*f + t. Determine j(f).
-11
Let q(c) = c**3 + 4*c**2 + 7*c + 4. Let t(f) = 3*f**3 - 14*f**2 + 15*f. Let k be t(2). Determine q(k).
-2
Let k(q) be the third derivative of q**5/60 + q**4/3 + q**3/3 + 5*q**2 - 67*q. What is k(-7)?
-5
Let z = -250 + 266. Let n(t) = 58*t - z*t + t**2 + 1 - 35*t. Determine n(-5).
-9
Let b(h) = 2*h - 17. Let d(a) be the first derivative of a**2/2 - 8*a - 1. Suppose -487*t = -527*t - 520. Let p(l) = t*d(l) + 6*b(l). Determine p(-4).
6
Let u(s) = 133 + 38*s + 44 - 102*s - 54 + 28*s**2 - 26*s**2. What is u(30)?
3
Let d(v) = v - 2. Let y be 3 - ((-98)/7)/2. Suppose -y*n - 28 = -15*n - b, 4*n + 4*b = 32. Give d(n).
3
Suppose 8 = g + 6. Let b be (-18 + 19)*(1 + g). Let h(x) = -2*x**2 + 7*x - 8. Give h(b).
-5
Let j(b) = -150*b - 15. Let n(k) = -63*k - 7. Let o(s) = 3*j(s) - 7*n(s). Give o(2).
-14
Let a(i) = 19*i**3 + 36*i**2 - 41*i + 9. Let q(t) = -7*t**3 - 12*t**2 + 14*t - 4. Let c(u) = 4*a(u) + 11*q(u). Calculate c(11).
3
Let y(j) = 6*j - 26. Let c = 4325 - 4319. Give y(c).
10
Let y(b) = b**2 - 5*b - 7. Let h be y(-2). Let j(s) = 46*s**2 + 11 - 45*s**2 - 7 + h*s. Determine j(-5).
-6
Let t = 551 + -186. Let m(o) = o**2 - 186*o - 185*o + t*o - 5. Let y(b) = -b + 2. Let r be y(-2). Determine m(r).
-13
Let n(l) be the first derivative of 1/3*l**3 + 2*l + 7/2*l**2 + 108. Give n(-6).
-4
Let w(a) = -2*a - 151. Let h(q) = -q - 25. Let t(l) = 5*h(l) - w(l). What is t(7)?
5
Let x be 4 + -3*(-28)/(-12). Let t(s) be the first derivative of s**4/4 - 3*s**2 + 4*s - 2628. Determine t(x).
-5
Suppose 5*d = -2*f - 6 - 7, 3*f = -5*d - 12. Let w(t) = 4*t**3 + 5*t**2 - 12*t + 8. Calculate w(f).
5
Let d(s) = 10 - 345*s**3 - 13*s**2 - 2*s - 9 + 17 + 346*s**3. Calculate d(13).
-8
Suppose -7*v - 2 = -4*o - 4*v, -5*o + 4*v = -2. Suppose -2*s - a - 3 = 0, o*s + 5*a + 3 = 20. Let f(r) = r**3 + 4*r**2 - 4*r - 6. Give f(s).
10
Let y = -237 - -225. Let a be 2 + (y - 2)/7. Let h(q) = -q**2 + 1. What is h(a)?
1
Let a be (-3)/(-15) + 171/45. Let b be 3 - 1 - a - -3. Let o(f) = 0 - 9 + 0 + b - f. Determine o(-7).
-1
Let v(z) = 3*z**2 - 107. Let h(x) = x**2 - 2*x - 35. Let o(g) = -8*h(g) + 3*v(g). Give o(-18).
-5
Let l(s) = -13*s - 15. Let w(a) = 36*a + 33. Let d(z) = -5*l(z) - 2*w(z). Calculate d(-3).
30
Let l(h) = -h + 4. Let w be 250/9 + 4/18. Suppose 5*p - 3*a = 11, -33*p + 29 = -w*p + 3*a. Calculate l(p).
0
Let k(q) = q**2 - 9*q - 25. Let v = 4559 + -4547. Calculate k(v).
11
Let d(s) be the first derivative of s**4/4 + 2*s**3 - 5*s + 425. Suppose -b - 3 = -4*b. Let t be b/((-4)/6)*4. What is d(t)?
-5
Let q(h) = 15*h + 79. Suppose 4*g + 4*a = 4, -4*g + 475*a = 473*a + 32. Determine q(g).
4
Let v(y) = -5*y - 2. Let b(w) = w. Let p(j) = 4*b(j) + v(j). Let g = 6 - 1. Suppose 4*o + g*u = 10, -10 = 2*o - u - 4*u. What is p(o)?
-2
Let b(q) = q**2 - q - 2. Let t(a) = a**3 - 18*a**2 - 19*a + 23. Let r be t(19). Suppose -m - 23 = -0*m. Let i = m + r. Determine b(i).
-2
Let a(q) = q + 16. Let n(f) be the second derivative of -f**4/12 + 17*f**2/2 - 2*f. Suppose -4*c - i = 16, -c + 82 - 71 = 4*i. Let l be n(c). Determine a(l).
8
Let a(o) = -8*o**3 + 21*o**2 - 16*o - 5. Let h(s) = -381*s**3 + s - 11 + 362*s**3 + 43*s**2 - 19*s - 13*s. Let r(t) = -7*a(t) + 3*h(t). Give r(-19).
2
Let w be ((-51)/(-5) - -1) + -36*(-28)/(-840). Let c(d) = -3*d + 32. Give c(w).
2
Let r(h) be the second derivative of h**4/12 + h**3 - 3*h**2/2 - h - 201. Let i = 157 - 164. Give r(i).
4
Let u(d) = 90*d**2 - 19*d + 1. Let b(t) = 40*t**2 - 8*t. Let k(w) = -7*b(w) + 3*u(w). Give k(1).
-8
Let p(l) = -9*l - 8. Let m be (16 + -6 + -2)*((-66)/24 + 2). What is p(m)?
46
Let m(s) = -s + 7. Let n(b) = b**3 + 11*b**2 + 11*b + 21. Let u(w) = 6*w**3 - 3*w - 2. Let q be u(2). Suppose 0 = 6*z - 2*z + q. Let r be n(z). Determine m(r).
-4
Let x be (-3 + (-132)/(-36))/(8/12). Let z(b) = -20*b + 14. Give z(x).
-6
Let w(k) be the second derivative of -k**5/20 + k**4/12 - k**3/6 - k**2/2 - 1143*k - 2. Give w(3).
-22
Suppose 4*h - 8 = -3*c, -2*c + 13 = -5*h + 23. Let v(y) be the second derivative of 1/2*y**h + 0 + 1/10*y**5 + 0*y**4 + 12*y + 1/6*y**3. Determine v(-1).
-2
Let z(o) = -25*o**2 - 3. Let h(t) = 101*t**2 - 68*t - 269. Let g(d) = h(d) + 4*z(d). Determine g(-4).
7
Let b(i) be the second derivative of -i**4/12 + 3*i**2 + 3921*i. What is b(10)?
-94
Let g be 0 + (-63)/(-15) + (-28)/(-35). Suppose -18*n = 5*j - 19*n - 11, 5*j = 5*n - g. Let m(z) = -2*z + 2*z + 3*z - 2. Give m(j).
7
Let z(t) = -t + 4.